 - 602. Calculate g(22).
564
Let t(o) = -3089*o - 123565. Calculate t(-40).
-5
Let x(j) = j**3 + 72*j**2 + 400*j + 248. Determine x(-66).
-16
Let j(t) = 136*t - 91. Calculate j(2).
181
Let b(n) = 14*n + 608. Determine b(-45).
-22
Let f(z) = 6478*z - 19450. What is f(3)?
-16
Let i(u) = -8*u - 394. Determine i(-43).
-50
Let o(c) = 2*c**3 - 3*c**2 - 14*c - 9. What is o(-5)?
-264
Let z(c) = c**3 - 40*c**2 + 5*c - 27. Give z(40).
173
Let p(c) = 16*c**2 + 40*c - 14. What is p(-5)?
186
Let m(k) = -2558*k + 10229. Calculate m(4).
-3
Let p(u) = -u**2 + 121*u + 1526. Determine p(-12).
-70
Let f(h) = 54*h - 119. Determine f(1).
-65
Let x(z) = 47*z**2 + 10*z - 2. Calculate x(1).
55
Let n(j) = j**3 - 81*j**2 + 234*j - 4. What is n(78)?
-4
Let i(j) = j**3 + 4*j**2 + 77*j + 546. Determine i(-6).
12
Let m(w) = 2*w**3 - 34*w**2 + 58*w + 14. Determine m(15).
-16
Let c(t) = -6321*t + 6321. Calculate c(1).
0
Let j(q) = -474*q - 961. What is j(-2)?
-13
Let u(h) = -1062*h + 12781. Determine u(12).
37
Let p(s) = s**2 - 32*s + 110. Determine p(12).
-130
Let r(g) = 21*g - 850. What is r(46)?
116
Let p(x) = 55*x - 710. Give p(13).
5
Let m(g) = 8*g**2 - 23*g - 107. What is m(0)?
-107
Let z(r) = -9*r**2 + 72*r - 117. Give z(6).
-9
Let w(u) = 50*u + 70. What is w(-7)?
-280
Let y(b) = -64*b + 474. Determine y(8).
-38
Let l(q) = 20*q**2 - 126*q - 1. What is l(6)?
-37
Let q(n) = 10*n - 412. Determine q(52).
108
Let j(a) = -277*a**3 + 557*a**2 + 11*a - 29. Determine j(2).
5
Let h(y) = -2*y**2 + 106*y + 263. Give h(56).
-73
Let m(h) = 2*h**2 + 19*h - 165. Give m(7).
66
Let u(v) = 46*v + 5073. Determine u(-119).
-401
Let g(w) = -2*w**2 + 737*w - 2957. Give g(4).
-41
Let g(u) = 41*u - 1465. Determine g(40).
175
Let k(j) = -j**3 + 15*j**2 - 4*j - 6. Calculate k(15).
-66
Let b(n) = -n**3 - 165*n**2 + 170*n + 624. Determine b(-166).
-40
Let h(w) = -155*w - 5708. Give h(-37).
27
Let g(k) = k**2 - 3*k - 5. Calculate g(4).
-1
Let v(r) = 9*r - 49. Determine v(-28).
-301
Let y(p) = p**2 + 169*p + 6844. Calculate y(-101).
-24
Let y(h) = -82*h - 559. Give y(-10).
261
Let z(u) = -25*u - 20. Determine z(0).
-20
Let a(n) = -n**3 + 39*n**2 - 373*n - 74. Give a(18).
16
Let a(y) = 887*y + 7956. Calculate a(-9).
-27
Let p(h) = h**3 + 10*h**2 + 8*h - 18. Calculate p(-5).
67
Let z(a) = 845*a - 10. Give z(0).
-10
Let t(q) = -29*q + 272. Determine t(9).
11
Let a(o) = -2*o**3 - 71*o**2 + 31*o - 109. Determine a(-36).
71
Let x(j) = -j**3 - 7*j**2 + 10*j + 19. Determine x(-10).
219
Let m(r) = 804*r**3 + r**2. Calculate m(-1).
-803
Let r(k) = -k**3 + 41*k**2 - 19*k - 294. What is r(40)?
546
Let f(q) = 445*q - 2618. Determine f(6).
52
Let z(s) = -s**2 + 39*s + 92. Determine z(12).
416
Let j(n) = 32*n + 540. Give j(-12).
156
Let q(d) = d**2 + 36*d - 526. What is q(11)?
-9
Let k(m) = 13*m + 1009. What is k(-71)?
86
Let n(l) = 4*l**2 + 48*l + 129. What is n(-6)?
-15
Let a(n) = 84*n + 10345. Give a(-123).
13
Let x(v) = 61*v + 832. What is x(-8)?
344
Let t(s) = 4*s**2 + 47*s - 910. What is t(-22)?
-8
Let f(p) = p**3 - 61*p + 12. Determine f(8).
36
Let o(l) = 1258*l + 12570. Calculate o(-10).
-10
Let c(v) = v**3 - 13*v**2 + 7*v - 6. Calculate c(12).
-66
Let u(w) = -w**2 + 157*w - 734. Give u(5).
26
Let w(o) = -2337*o - 74764. Calculate w(-32).
20
Let n(j) = 4*j**2 - 17*j + 36. Determine n(5).
51
Let g(i) = -i**2 + 33*i + 487. Calculate g(-11).
3
Let z(v) = -3*v**2 + 44*v + 9. Give z(15).
-6
Let g(h) = -50*h + 601. Give g(12).
1
Let z(s) = 29*s**2 + 48*s - 38. What is z(-3)?
79
Let x(k) = 5*k**2 - 67*k + 512. Determine x(6).
290
Let k(d) = -d - 147. Calculate k(37).
-184
Let r(n) = 105*n + 94. Determine r(-1).
-11
Let b(z) = -1615*z - 137286. Give b(-85).
-11
Let f(a) = a**2 - 16. Determine f(7).
33
Let a(v) = v**3 + 13*v**2 - 138*v + 35. Determine a(-20).
-5
Let f(l) = -l**3 - 52*l**2 + 397*l - 954. Calculate f(-59).
-10
Let l(r) = r**3 - 16*r**2 + 27*r + 160. Calculate l(13).
4
Let y(z) = -25*z + 874. What is y(40)?
-126
Let c(x) = -x**3 + 5*x**2 + 122*x + 78. Calculate c(14).
22
Let k(u) = -u**2 + 220*u + 6404. What is k(-26)?
8
Let j(p) = p**2 - 51*p + 145. Calculate j(17).
-433
Let j(x) = 2*x**2 - 2130*x + 33596. Give j(16).
28
Let z(k) = -30*k - 19. Give z(-6).
161
Let m(u) = u**3 + 14*u**2 + 10*u - 4. Give m(0).
-4
Let m(c) = -c**2 + 100*c - 2281. What is m(43)?
170
Let u(r) = 59*r**3 + 4*r**2 - 9*r - 11. Give u(-1).
-57
Let f(t) = t**3 + 4*t**2 + t + 75. Determine f(-6).
-3
Let b(c) = 12*c + 127. Determine b(-22).
-137
Let o(q) = 25*q**2 - 2*q + 9. Determine o(2).
105
Let k(g) = 11*g + 997. Give k(-66).
271
Let m(b) = -b**3 - 86*b**2 - 761*b - 129. Calculate m(-76).
-53
Let h(z) = -5*z**2 + 95*z - 248. Determine h(3).
-8
Let x(o) = o**3 + 98*o**2 - 229*o - 12876. Determine x(-99).
-6
Let j(l) = -1549*l + 23223. Give j(15).
-12
Let f(u) = 2*u**2 + 32*u + 80. Determine f(-3).
2
Let c(g) = g - 2. What is c(-16)?
-18
Let m(j) = 2*j**2 - 880*j + 7777. Determine m(9).
19
Let r(w) = -25*w + 78. Calculate r(-35).
953
Let y(w) = 98*w + 2359. Calculate y(-24).
7
Let y(w) = 2*w + 175. Give y(7).
189
Let c(q) = 18*q**2 - 145*q - 146. Determine c(-1).
17
Let q(b) = b**2 + 78*b + 238. Give q(-3).
13
Let z(c) = c**2 + 13*c - 962. What is z(-38)?
-12
Let o(a) = 2*a**2 + 5*a - 296. What is o(-20)?
404
Let i(k) = k**3 + 20*k**2 + 38*k + 123. Calculate i(-18).
87
Let b(x) = 1341*x - 7928. What is b(6)?
118
Let m(y) = y**2 + 234*y - 1958. Calculate m(8).
-22
Let r(v) = 2*v**3 - v**2 - 26*v + 7. Determine r(4).
15
Let k(z) = z**3 - 20*z**2 + 33*z + 68. What is k(18)?
14
Let w(z) = -z**3 + 10*z**2 + 32*z - 402. Determine w(8).
-18
Let u(r) = 57*r**2 + 12258*r + 646. Determine u(-215).
1
Let o(u) = 296*u + 8. Give o(0).
8
Let n(b) = b**3 - 293*b**2 - 224*b - 20571. Determine n(294).
9
Let y(h) = -1186*h - 13. Determine y(0).
-13
Let u(p) = 81*p + 36. Calculate u(-3).
-207
Let f(c) = -68*c**2 - 1445*c - 1705. What is f(-20)?
-5
Let f(n) = -5*n**2 - 121*n - 48. Calculate f(-24).
-24
Let d(r) = -r**3 - 25*r**2 + 43*r - 278. Calculate d(-27).
19
Let k(h) = h**3 - 35*h**2 + 38*h - 140. Give k(34).
-4
Let w(k) = -k**3 + 18*k**2 + 27*k + 262. What is w(18)?
748
Let s(j) = 113*j + 565. Calculate s(-5).
0
Let x(i) = -5*i**3 + 32*i**2 + 5*i - 13. What is x(7)?
-125
Let y(b) = -b**3 + 4*b**2 + 79*b. Determine y(-9).
342
Let x(u) = 6*u**2 - 395*u + 6335. Determine x(38).
-11
Let b(c) = -3*c**3 - 18*c**2 - 5*c + 5. Determine b(-6).
35
Let p(w) = w**2 - 74*w - 2354. What is p(-24)?
-2
Let r(a) = 191*a**2 - 159*a - 27. What is r(1)?
5
Let p(o) = 671*o + 4687. What is p(-7)?
-10
Let s(g) = -g**3 + 6*g**2 + 20*g - 89. Determine s(7).
2
Let b(f) = f**3 - 7*f**2 - 14*f + 43. What is b(9)?
79
Let r(u) = -2*u**2 - 25*u + 118. Give r(6).
-104
Let g(w) = 79*w + 333. Give g(11).
1202
Let z(d) = d**2 - 540*d - 8279. Calculate z(-15).
46
Let n(u) = -95*u + 284. What is n(3)?
-1
Let k(t) = -341*t - 71604. What is k(-210)?
6
Let x(s) = 2*s**3 - 83*s**2 - 39*s - 100. What is x(42)?
26
Let u(h) = -h**3 + 16*h**2 + 39*h - 206. Determine u(16).
418
Let o(x) = -x - 48. Determine o(-8).
-40
Let l(v) = -40*v + 884. Calculate l(23).
-36
Let j(n) = -n**2 + 329*n - 1309. Determine j(4).
-9
Let i(k) = -6*k - 5. What is i(-11)?
61
Let w(d) = -259*d + 28740. Give w(111).
-9
Let i(q) = -17*q**2 + 339*q - 13. Determine i(20).
-33
Let n(p) = -2*p**3 + 37*p**2 + 71*p - 209. Determine n(20).
11
Let g(u) = -u**3 + u**2 + 6*u + 31. Calculate g(-4).
87
Let g(n) = 2*n**3 + 24*n**2 + 86*n - 2. Calculate g(-5).
-82
Let d(i) = 30*i**2 + 327*i - 33. Calculate d(-11).
0
Let t(f) = -f**3 - 5*f**2 + 25*f + 79. What is t(-3)?
-14
Let l(w) = -w**2 - 61*w - 891. Give l(-25).
9
Let m(b) = b**3 + 6*b**2 + 86*b + 796. Give m(-8).
-20
Let h(l) = l**2 + 304*l - 5494. Calculate h(17).
-37
Let v(m) = m**3 - 17*m**2 + 73*m - 40. Calculate v(8).
-32
Let i(t) = t**3 + 6*t**2 + 8*t + 19. Give i(-5).
4
Let z(l) = -482*l - 13026. What is z(-27)?
-12
Let s(t) = 3*t**2 + 54*t - 964. Calculate s(-29).
-7
Let f(q) = 254*q**2 + 755*q - 26. Determine f(-3).
-5
Let y(d) = d**3 + 6*d**2 - 221*d - 83. Give y(-18).
7
Let i(u) = 10*u**2 - 1241*u - 2393. What is i(126)?
1
Let f(g) = -48*g**2 - 139*g + 9. What is f(-3)?
-6
Let d(x) = 304*x - 2431. Give d(8).
1
Let y(i) = i**3 - 9*i**2 - 46*i + 7. Determin